 9 + -13. Let j(y) be the first derivative of y**4/4 + 2*y**3/3 - 3*y**2 - 4*y - 86. What is j(a)?
-12
Let g(j) = j**3 + j**2. Let m = -215 + 212. Let s be 4/10 + m/(-5). What is g(s)?
2
Let i = 6 + -7. Let f(a) = -16*a**3 + 6*a**2 + a + 36. Let u(o) = 19*o**3 - 7*o**2 - o - 41. Let x(p) = 8*f(p) + 7*u(p). Give x(i).
-6
Let o = -29405 + 29404. Let g(v) be the first derivative of -3*v**2/2 + v + 2. Calculate g(o).
4
Let z = 165 - 147. Let p(k) = -23 + 62 - z - 23 - k. Give p(3).
-5
Let x be (-2)/(-1)*(0 + (-12)/8). Let c(o) = 8*o + 5. Let r(d) be the second derivative of d**3/6 + d**2/2 - d. Let j(t) = -c(t) + 3*r(t). Calculate j(x).
13
Let o(z) = z**3 + 9*z**2 + 10*z - 1. Let a = -177 + 207. Let m be 42/(-4) + a/12. Calculate o(m).
-17
Let u(z) be the third derivative of 0 - 1/24*z**4 + 0*z + 13*z**2 - 1/6*z**3. Suppose -21 = 980*a - 977*a. Determine u(a).
6
Let g(l) = l - 12. Suppose 58*x = 133*x + 375. Calculate g(x).
-17
Let n(h) = 2 - 2 + h. Let q(r) = -3*r - 188. Let j be q(39). Let v = 305 + j. Give n(v).
0
Let l(o) = -10*o**2 - 60. Let h(t) = 11*t**2 + 2*t. Let f(v) = h(v) + l(v). Determine f(6).
-12
Let b(d) = 168*d - 72*d - 95*d. Suppose 8*i - 3*i = 50. What is b(i)?
10
Let m be -4 + (-40)/(-100) + (39/15 - 1). Let u(h) = -9*h**2 - 3*h - 8. What is u(m)?
-38
Suppose 3*v + 2*p + 2 = 0, -5*v + 2 = 4*p - 2*p. Suppose -2*r - v*j = -10, -r - j + 5*j = -15. Let o(w) = 8 - 3*w + 5*w - 18 + r. Calculate o(4).
5
Suppose -276*z - 1 = o - 271*z, -3*z + 3 = 0. Let k(s) = s**2 + 9*s + 17. What is k(o)?
-1
Let m(s) = -9664*s**2 + 4827*s**2 + 7 + 4838*s**2. Determine m(-3).
16
Let m = 5220 + -5228. Let u(d) = 6*d + 8. Let r = -7 - -13. Let w(f) = 5*f + 7. Let o(l) = r*u(l) - 7*w(l). What is o(m)?
-9
Suppose -1263 = -34*y + 97. Let t be 249/27 - (y/(-36))/(-5). Let l(a) = -2*a + 10 + 1 + 0. Give l(t).
-7
Suppose a + 3*m = 3 - 10, -m = a + 5. Let c(w) = 3*w**2 - 3*w - 12. Let k be c(a). Let g(x) = 48 - 2*x**2 - 2*x - k. Determine g(-2).
-4
Suppose -50*y + 112 = -338. Let n(a) be the first derivative of -a**3/3 + 4*a**2 - 6*a - 10. Give n(y).
-15
Suppose 0 = -3*i - 7 + 13. Let c(n) = -8 - n**2 - 6 + 13 - i*n. Give c(-5).
-16
Let r(n) = -6*n + 8. Let p be ((-171)/285)/(3/(-30)). Calculate r(p).
-28
Let l(m) = 5*m - 3. Let o(t) = -4*t. Let i(w) = 5*l(w) + 6*o(w). Let j(u) = u - 4. Let y(n) = i(n) - 2*j(n). Calculate y(8).
-15
Let g = 483 - 478. Suppose -u + 11 = 11*b - 10*b, 0 = 3*u - g*b - 33. Let d(o) = -o**2 + 9*o + 13. What is d(u)?
-9
Let m(l) = l**3 + 4*l**2 + 6*l + 4. Let u = -128 + 125. Calculate m(u).
-5
Let u(v) = -13*v - 71. Suppose 0 = 4*n + 12, 33*m - 43 = 37*m + 5*n. Calculate u(m).
20
Let v(n) be the second derivative of n**5/20 + 5*n**4/6 + 4*n**3/3 - 11*n**2/2 - 3*n. Suppose 45 = -177*d + 172*d. What is v(d)?
-2
Let f(p) = 40*p + 37*p - 17*p**3 + 35*p + p**2 + 3 + 31*p - 139*p. What is f(-1)?
17
Let j be (-4)/(64/272)*-1. Let o(s) = 5*s - 83. Give o(j).
2
Let p(i) = -i**3 - 10*i**2 + 14*i + 7. Let l(m) = -6*m**3 - 49*m**2 + 73*m + 36. Let f(s) = -2*l(s) + 11*p(s). Let u be 3*(-3*(-42)/27 + -1). What is f(u)?
-28
Let s(g) = -3*g - 8. Suppose 3*u - 78 = 2*m, -4*u - 2*m + 51 = -39. Let k(i) = i - 17. Let p be k(u). Calculate s(p).
-29
Let r(m) = m**3 + 98*m**2 - 14*m - 1. Let a(g) = -15*g**2 - g - 2. Let q(f) = -6*a(f) - r(f). Calculate q(-10).
13
Let b(m) = m**3 + m**2 + m + 9. Suppose -5*d - 2*o = 154, 4*d + 0*o + 3*o + 126 = 0. Let k be d + 24 + 1*6. What is b(k)?
9
Suppose 0 = 3*k + 1 - 4. Let w(f) = 1 + 1 + k + f - 8*f. Suppose d + 11 = -3*s, 8*d - 13*d + 4*s = -40. What is w(d)?
-25
Let c(j) = -3*j + 302. Let l(w) = -25. Let k(d) = c(d) + 13*l(d). Calculate k(-5).
-8
Let u(d) be the first derivative of d**7/840 + 7*d**6/360 + 7*d**5/120 + 7*d**4/24 + 71*d**3/3 + 232. Let f(l) be the third derivative of u(l). Give f(-6).
1
Let d(j) be the third derivative of j**4/3 + 5*j**3/3 + 112*j**2 - 16. Determine d(7).
66
Suppose 4*c = 3*m + 10, -5*m = 2*c - c + 9. Let x = -45 - -56. Let f(i) = -13 + x + 2*i**2 + 0*i**2 + i. What is f(m)?
4
Let l = -122 - -179. Suppose l*o = 59*o. Let i(u) = u**3 + u + u**2 - 23 - u - u. Calculate i(o).
-23
Let s(t) = -14*t**2 - 15 + 18*t + 3 + 15*t**2 - 36*t - 2*t**2. Determine s(-14).
44
Let s(h) = -4*h + 53. Let z = -2481 + 2498. Give s(z).
-15
Let v(a) = a**3 + 3*a**2 - a + 7. Suppose 0 = 61*b - 75*b + 1316. Suppose -b = 17*z - 9. Give v(z).
-38
Suppose 3*d + d + 32 = 0. Suppose -6*o + 4*z - 160 = -8*o, 5*o - z - 356 = 0. Let b(r) = -84 - 9*r + 0*r**2 + o - r**2. Determine b(d).
-4
Let u(k) = -k**2 + 17*k - 64. Let j = -231 - -239. Let y be u(j). Let z(w) = -w**3 + 9*w**2 - 9*w + 5. What is z(y)?
-3
Let y(i) be the first derivative of 3*i**2/2 + 2*i + 13. Suppose -399 = -229*p + 288. Give y(p).
11
Let u(m) = -5*m + 103. Let v(x) = 2*x - 50. Let f(l) = -6*u(l) - 13*v(l). Give f(-9).
-4
Let q(i) = -2*i + 10*i - i + 4 - 8*i + 16. Give q(-5).
25
Let g(l) = 25*l**3 - 10*l**2 + 22*l + 11. Let x(h) = -71*h**3 + 31*h**2 - 65*h - 30. Let j(i) = -17*g(i) - 6*x(i). Give j(15).
8
Let a = -57 + 98. Let o(f) = 48*f + 41*f - 123*f + a*f + 9. Calculate o(-2).
-5
Let j(i) = -i**2 - 3*i + 4. Let a(l) = -14*l - 11*l + 24*l - 9*l + 10. Let g be a(3). Let r be ((-4)/(-8))/(2/g). Determine j(r).
-6
Let h(i) be the third derivative of 7*i**4/24 + i**2. Let t(r) = 2193*r + 107456. Let q be t(-49). What is h(q)?
-7
Let y(a) = -8*a**3 + 2*a**2 - 1. Suppose 18*q - 35*q = -27*q - 20. Give y(q).
71
Suppose y + 0*y = 5. Let r be 9/12*1/((-6)/(-16)). Let h(n) = 7 + 20027*n - 20027*n - n**r. Calculate h(y).
-18
Let h(o) = 2*o**2 + 2*o + 3. Let a be 1 - (8 + -5 + -1). Let u be h(a). Let f(d) = u*d + 3*d + 5*d - 5 + 3. What is f(-2)?
-24
Let i(s) = 8*s**2 + s. Let o(j) = -26*j**2 + 30*j + 21. Let n(y) = 3*i(y) + o(y). Calculate n(17).
4
Let l(f) be the first derivative of f**2/2 + 3*f + 709. Give l(-11).
-8
Let q(g) = -10*g**2 - 2*g + 6. Let j(o) = 11*o**2 + 2*o - 5. Let f = 248 + -243. Let i(k) = f*j(k) + 4*q(k). Let b be 1/((-1)/(-1)) - 0. Determine i(b).
16
Let x(j) = -j**2 + 11*j + 44. Let t be ((-64)/(-4))/4 - ((-132)/11 - 2). What is x(t)?
-82
Let h(u) = -3*u - 5. Suppose 3*k = -104 + 80. What is h(k)?
19
Let d = 914 - 888. Suppose 0 = 4*b + 20, i - 7*b + 3*b = d. Let g(q) = 5*q - 2*q - 5 - q. Give g(i).
7
Let p(k) = k + 2. Suppose -3*i = 4*q - 2*q + 10, i + 6 = -q. Let x be p(q). Let c(r) = -1 - 64*r - 94*r + 156*r + 1. Determine c(x).
12
Let v(c) = -607*c - 594. Let s be v(-1). Let w(i) = i**3 - 13*i**2 - 5*i - 31. Give w(s).
-96
Suppose 2*b + 1495 = -8*j + 13*j, 2*j = 2*b + 592. Let h = 311 - j. Let t(x) = -x + 5. Give t(h).
-5
Let m(k) be the second derivative of -7*k**4/12 - k**3/3 + k**2/2 + 19*k + 10. Determine m(1).
-8
Let v(n) = -5*n + 9. Let y(g) = 9*g - 17. Let x be 2/(-5) - (-13)/(-5). Let k = -1 + x. Let f(m) = k*y(m) - 7*v(m). Determine f(0).
5
Let z(l) = -l**2 + 3*l - 3. Let k = -61 - -33. Let y be ((-9)/(-12))/((-7)/k). Give z(y).
-3
Let l(s) be the second derivative of -s**5/20 + 2*s**4/3 + s**3 + 9*s**2 - 84*s. Determine l(9).
-9
Let v(d) = 15*d**2 + 12*d - 1. Let a be v(-1). Let k(p) = -6*p + 2*p - 64 + 2*p + 62. Determine k(a).
-6
Let k(p) = -p**2 - 9. Suppose 10*d - 33 = 47. Suppose b = 4*c + d, b + 5*c = 3*b - 10. Calculate k(b).
-9
Let b(l) = 10*l**2 + 1. Let s(r) = -23*r**2 - 2*r. Let c(n) = 2*b(n) + s(n). Let x(j) = j - 1. Let f be x(-2). What is c(f)?
-19
Let g(q) be the second derivative of -q**5/20 + 37*q**4/12 - 29*q**2/2 - 5993*q. Calculate g(37).
-29
Let q(w) = w**2 + 6 + 3*w - 2*w**2 - w**2 + 0*w**2. Suppose 0 = -4*v - 24, -5723*v + 5727*v + 44 = 4*s. Give q(s).
-29
Let b(i) be the first derivative of i**4/4 - 8*i**3/3 + 2*i**2 + 9*i + 5. Let u(s) = -2*s - 1. Let g be u(-2). Let a be (-14)/(g/((-15)/10)). Give b(a).
-12
Let w be 2*17/(-8) + (-61)/(-244). Let x(k) = k**3 + k**2 - 7*k + 9. Give x(w).
-11
Let k(z) = 2*z**2 + 9*z - 7. Let f be k(-5). Let p(r) = -4*r**2 - 13*r + 1. Let v(o) = 2*o**2 + 5*o - 1. Let l(t) = f*p(t) - 5*v(t). Determine l(3).
-12
Let h be (1/4 - 9/(-12))*32. Suppose -h = -7*o + 3. Suppose -5*q + 3 = -o*u - 8*q, -5 = -u - 2*q. Let z(i) = i**3 + 3*i**2 + 3*i. Calculate z(u).
-9
Suppose 0 = 2*y + 3*a - 5, 4*y - y + 5*a - 7 = 0. Suppose 0 = -p + 3, 2*m + 6 - 23 = -3*p. Let c(h) = -